. Let u(s) be the third derivative of s**5/60 - s**4/6 + s**3/6 + 8*s**2. Let r be u(5). What is the highest common divisor of r and f?
6
Let m = -17 + 38. What is the highest common divisor of m and 3?
3
Let h be (-50 - -10)/((-2)/8). Calculate the highest common factor of 32 and h.
32
Suppose -1318 = -3*n - 2*l - 2*l, -3*n = -2*l - 1348. Suppose 29 = 5*b - n. Calculate the greatest common divisor of 38 and b.
19
Let t be 6/4 + (-3)/(-6). Suppose 2*j + 5 = 3*b, 5 = -t*b + 3*b. Let d(k) = 2*k + 2. Let z be d(j). Calculate the greatest common factor of z and 18.
6
Let a be (-6)/24 - (-397)/4. Let h(t) = -5*t - 11. Let y be h(-4). Calculate the greatest common factor of y and a.
9
Let d(r) = -2*r + 40. Let u be d(0). What is the greatest common divisor of u and 8?
8
Let j = 18 + -15. Calculate the highest common factor of 1 and j.
1
Let m = 32 - 2. Suppose -2*c - 18 = c. Let d be (c/8)/(2/(-16)). What is the highest common factor of m and d?
6
Let b be 37 + 6/4*2. Let m be 3 - (b - 1/(-1)). Let a = 71 + m. What is the highest common factor of a and 22?
11
Suppose -b + 34 = 3*l, 3*l - 31 = 2*b - 0. Suppose -u = -0 - l. Suppose -m - 4*c = -12, 2*m - u = m - 5*c. What is the highest common divisor of 128 and m?
16
Suppose 3*f - 3*y = -0*y + 117, 4*y + 84 = 2*f. Let t = 37 + -13. What is the greatest common divisor of t and f?
12
Let b = -13 + 37. Calculate the greatest common factor of 6 and b.
6
Let b(r) = r**2 - r - 7. Let t be b(5). Let g(f) = f**3 + 10*f**2 + 2*f + 2. Let w be g(-5). Calculate the greatest common divisor of t and w.
13
Suppose 0 = 3*u - 9 + 39. Let o = -5 - u. Calculate the greatest common divisor of 55 and o.
5
Suppose 2*o - 25 = -3*o. Suppose p = 6*p - o. What is the greatest common factor of p and 7?
1
Suppose -162 - 18 = -3*o. What is the greatest common divisor of o and 40?
20
Let m = 24 + -14. Let x be (-16 + 2)*m/(-4). Suppose -3*t = -x - 1. Calculate the highest common divisor of 2 and t.
2
Let h = 46 - 24. Suppose 0 = 5*z - 1 - 9. Suppose 2*p + z = 6. What is the highest common divisor of h and p?
2
Suppose 15 = -8*v + 295. Calculate the highest common divisor of v and 15.
5
Let x(w) = 281*w**3 - 2*w**2 + w. Let r be x(1). Suppose -3*l = l - r. Let k be 96/7 - 2/(-7). What is the highest common factor of l and k?
14
Suppose 0*b - 12 = -3*b. Suppose -5*r + 183 = 2*s, -b*r - s + 57 = -87. What is the highest common divisor of 14 and r?
7
Let s(i) = i**3 + 4*i**2 - 7*i - 6. Let p be s(-5). Suppose 0*z + 16 = p*z. Suppose 0*j + z*j - 132 = 0. Calculate the greatest common factor of j and 3.
3
Suppose -2*w + 4*w = 2*m + 14, 0 = w - 5*m - 15. Let h(v) = 2*v**2 + v - 1. Let q be h(-4). Let b = q + 8. What is the highest common divisor of b and w?
5
Suppose 24 = 17*m - 13*m. What is the greatest common divisor of m and 12?
6
Let i be 8 + 65/25 + (-4)/(-10). Calculate the greatest common factor of i and 88.
11
Let x = -4 + 2. Let a = -1 - x. Let o(i) = 12*i - 1. Let b be o(a). Calculate the highest common divisor of 44 and b.
11
Let z(d) = d**3 + 13*d**2 - 2*d - 15. Let y be z(-13). What is the highest common divisor of y and 11?
11
Let f = -9 + 11. Let y = 3 + f. What is the highest common divisor of y and 35?
5
Let l = -79 + 0. Let o(k) = k**3 + k - 121. Let c be o(0). Let m = l - c. What is the highest common divisor of 6 and m?
6
Let b(s) = -3*s + 24. Let z be b(0). What is the highest common divisor of 3 and z?
3
Suppose 4*a + 9 = a. Let m = 6 + a. Suppose -2*h + 76 = 5*q, 3*q = -5*h + 4*q + 163. Calculate the highest common factor of h and m.
3
Let v = -205 - -317. Calculate the greatest common divisor of v and 14.
14
Suppose 0*i + 2 = i. Suppose 275 = i*q - 419. Suppose -5*n - 3*v + 2*v = -353, 5*n - q = v. Calculate the greatest common factor of n and 28.
14
Let k(h) = 37*h - 3. Let w = 5 + -4. Suppose -j = -3*q + 8, -2*q - 4*j + 9 = -w. Let y be k(q). Calculate the greatest common factor of y and 12.
12
Suppose -4*h = -0*h - 32. Calculate the highest common divisor of 1 and h.
1
Let r(k) = -k**2 - 12*k + 9. Let y be r(-7). Calculate the greatest common factor of y and 4.
4
Suppose -20 = -g - 0*g. Suppose -10*i + 12*i = g. Calculate the greatest common factor of 90 and i.
10
Suppose 2*z + 9 = 5*z. Suppose z*j - 3*k = -6*k, -2 = 2*k. Let n = 6 - j. What is the greatest common divisor of 10 and n?
5
Suppose -v - 3*v = -a - 73, 0 = 5*v - 3*a - 93. What is the greatest common factor of 144 and v?
18
Let n be (50/6)/(9/27). Calculate the highest common divisor of n and 50.
25
Suppose -8*i + 182 = 6*i. What is the greatest common divisor of 13 and i?
13
Let p(x) = 27*x**2 + 3*x**2 + 2*x + 3*x**2 + 1 + 23*x**2. Let q = 1 - 2. Let g be p(q). Calculate the highest common factor of g and 5.
5
Suppose 0 = -4*l + 20 + 16. Let s(r) = -26*r - 5. Let i be s(-4). What is the greatest common divisor of l and i?
9
Let y be (-19)/(-4) + (-1)/(-4). Suppose -3*h = -6*h + 3. Calculate the greatest common factor of h and y.
1
Let k(j) = -j**2 + 10*j + 2. Let s be k(8). Calculate the greatest common divisor of s and 36.
18
Suppose -y + 2*y = -2*h + 335, 3*h = y + 510. What is the highest common factor of 13 and h?
13
Let m = -130 + 156. Suppose -12 - 14 = -2*y. What is the highest common factor of m and y?
13
Suppose 3*k + k - 108 = 4*c, -3*k + c + 79 = 0. What is the highest common factor of k and 208?
26
Let v(i) be the first derivative of 11*i**3/3 + 3*i**2/2 + 2*i - 3. Let o be v(-2). What is the greatest common divisor of 5 and o?
5
Let z = -9 + 10. What is the highest common factor of z and 1?
1
Let l be (-9)/((-15)/(-6) - 4). What is the greatest common divisor of l and 12?
6
Suppose -3*x + 2*s = -8*x + 52, 4 = -s. What is the greatest common factor of x and 36?
12
Suppose 128 = -5*n + n. Let r = n - -50. Calculate the greatest common divisor of r and 162.
18
Let y be (-110)/(-9) - 6/27. Suppose 3*s - 30 - y = 0. What is the highest common factor of 14 and s?
14
Suppose -15 = -0*w - 5*w. Suppose w*b + 0 = 24. What is the greatest common factor of b and 8?
8
Suppose 5*m = -0*c + c - 78, c + 5*m = 58. Let y(f) = 2*f**2 + f - 4. Let h be y(3). Calculate the greatest common factor of c and h.
17
Let j be (28 + -10)/(1 - 0). Calculate the highest common divisor of j and 126.
18
Let y(l) = -17*l**2 - 7*l - 1. Let v(h) = -17*h**2 - 6*h - 1. Let k(f) = -6*v(f) + 5*y(f). Let b be k(-1). What is the greatest common divisor of 119 and b?
17
Suppose -p = d - 27, -3*d + 2*d - 69 = -3*p. Calculate the highest common divisor of 24 and p.
24
Let b(i) = -i**3 + 9*i**2 + 23*i + 2. Let l be b(11). What is the greatest common divisor of 13 and l?
13
Let x(o) = 36*o**2 - o + 3. Let n be x(-3). What is the highest common factor of n and 30?
30
Let g be (-9416)/(-72) + 2/9. Suppose -5*k - g = -846. Suppose 0 = -o + 5 + 8. Calculate the greatest common divisor of o and k.
13
Suppose -3*w + 4*w = 15. Calculate the highest common factor of 3 and w.
3
Suppose 1 = -2*q + 7. Suppose 0 = -t - 3*l + 2, 0 = t - l - 4*l - 2. Calculate the highest common factor of q and t.
1
Let w = 144 + -67. Let j be (7/2)/((-1)/(-2)). What is the greatest common divisor of j and w?
7
Let u be (-1)/(-4) + 70/8. Calculate the highest common divisor of u and 81.
9
Let o be 1/4 + (-273)/(-28). Let c = 514 + -314. Suppose 5*l + 0*l - c = 0. What is the greatest common factor of o and l?
10
Let g = 6 - -14. Suppose 6*j - 7*j = -40. What is the highest common factor of j and g?
20
Suppose 9*g - 42 = 6*g. Suppose -j + g = k - 24, 10 = -5*k. Calculate the greatest common factor of j and 4.
4
Suppose -2*w + 181 = -171. Let p(n) = n**2 - 3*n - 18. Let r be p(8). Calculate the greatest common factor of r and w.
22
Let g be ((-8)/(-6))/(6/9). Let d be g/3 + 16/12. Let h be (-3 - -17) + 4/d. Calculate the highest common divisor of 8 and h.
8
Let s be 40/(-2 + 0)*-2. Suppose -2*a - s = -4*a. Calculate the greatest common factor of 160 and a.
20
Let n = 59 + -34. Suppose 0 = -3*h - 2*m - n + 87, 0 = h + 2*m - 14. Calculate the greatest common factor of h and 12.
12
Let w = 6 - 2. Let d be (-266)/(-18) + w/18. What is the highest common divisor of 5 and d?
5
Suppose 2 = -3*d + 104. What is the greatest common divisor of d and 17?
17
Let m = 8 - 4. Let a be (-3)/(-12) - 17/m. Let l(y) = y**3 + 4*